 of 10528?
True
Does 11 divide 958?
False
Does 8 divide 57064?
True
Does 155 divide 19563?
False
Is 491 a multiple of 3?
False
Is 378 a multiple of 8?
False
Does 14 divide 8106?
True
Is 31891 a multiple of 28?
False
Does 83 divide 581?
True
Is 12248 a multiple of 8?
True
Is 14 a factor of 11429?
False
Does 9 divide 6939?
True
Is 20 a factor of 880?
True
Does 2 divide 110?
True
Is 639 a multiple of 43?
False
Is 27679 a multiple of 89?
True
Is 105 a multiple of 3?
True
Is 5497 a multiple of 84?
False
Is 43 a factor of 23410?
False
Is 5937 a multiple of 11?
False
Is 52 a multiple of 15?
False
Is 34 a factor of 12410?
True
Is 2808 a multiple of 27?
True
Is 85 a factor of 2550?
True
Does 12 divide 7968?
True
Is 50 a factor of 5600?
True
Is 17 a factor of 20884?
False
Is 130 a factor of 607?
False
Does 49 divide 1764?
True
Is 21 a factor of 13209?
True
Does 106 divide 3625?
False
Is 1359 a multiple of 26?
False
Is 2 a factor of 117?
False
Is 1833 a multiple of 20?
False
Is 4752 a multiple of 108?
True
Is 154 a factor of 21406?
True
Does 16 divide 33765?
False
Is 13 a factor of 22580?
False
Does 11 divide 16?
False
Is 21 a factor of 85941?
False
Is 1106 a multiple of 79?
True
Is 2 a factor of 254?
True
Does 52 divide 10976?
False
Is 17797 a multiple of 13?
True
Is 55 a factor of 1143?
False
Does 15 divide 1920?
True
Is 5 a factor of 925?
True
Is 22 a factor of 1650?
True
Does 71 divide 3767?
False
Does 77 divide 1386?
True
Is 69 a multiple of 2?
False
Does 17 divide 20663?
False
Does 21 divide 105?
True
Is 72 a multiple of 3?
True
Does 4 divide 788?
True
Does 17 divide 31569?
True
Does 7 divide 1418?
False
Is 740 a multiple of 37?
True
Is 23622 a multiple of 94?
False
Is 77 a factor of 346?
False
Is 2226 a multiple of 53?
True
Is 24 a factor of 768?
True
Is 32 a factor of 5309?
False
Does 5 divide 1608?
False
Is 348 a multiple of 3?
True
Is 37 a factor of 880?
False
Is 56 a factor of 896?
True
Is 23 a factor of 5704?
True
Does 32 divide 2368?
True
Is 2207 a multiple of 2?
False
Does 18 divide 3502?
False
Is 183 a multiple of 61?
True
Is 510 a multiple of 8?
False
Does 35 divide 385?
True
Is 35696 a multiple of 92?
True
Is 15534 a multiple of 59?
False
Is 30158 a multiple of 34?
True
Is 6 a factor of 558?
True
Is 13 a factor of 1776?
False
Is 257 a multiple of 4?
False
Is 409 a factor of 7115?
False
Is 6 a factor of 22242?
True
Does 13 divide 1885?
True
Is 28 a factor of 56?
True
Does 89 divide 13973?
True
Is 22517 a multiple of 89?
True
Does 67 divide 122?
False
Is 11935 a multiple of 7?
True
Is 11132 a multiple of 92?
True
Is 40 a multiple of 3?
False
Is 124 a factor of 13516?
True
Is 18873 a multiple of 14?
False
Is 2 a factor of 1183?
False
Is 32502 a multiple of 21?
False
Is 37 a factor of 58167?
False
Is 9 a factor of 3171?
False
Does 10 divide 21600?
True
Is 669 a multiple of 7?
False
Does 227 divide 63106?
True
Is 82 a factor of 28089?
False
Is 14966 a multiple of 15?
False
Is 1491 a multiple of 70?
False
Is 10 a factor of 734?
False
Is 11 a factor of 54?
False
Is 96 a factor of 3552?
True
Does 7 divide 11734?
False
Does 42 divide 7188?
False
Does 16 divide 840?
False
Is 1445 a multiple of 17?
True
Does 31 divide 527?
True
Does 46 divide 4278?
True
Is 65 a factor of 260?
True
Does 32 divide 3296?
True
Is 9864 a multiple of 123?
False
Is 26040 a multiple of 186?
True
Is 1536 a multiple of 24?
True
Is 18 a factor of 288?
True
Is 5483 a multiple of 13?
False
Is 258 a multiple of 3?
True
Does 6 divide 516?
True
Does 21 divide 1134?
True
Is 486 a multiple of 15?
False
Is 12206 a multiple of 34?
True
Is 30 a factor of 810?
True
Is 2824 a multiple of 22?
False
Does 34 divide 9437?
False
Is 1445 a multiple of 8?
False
Is 10 a factor of 81?
False
Is 264 a multiple of 22?
True
Is 67 a factor of 4103?
False
Does 16 divide 4304?
True
Does 11 divide 5053?
False
Is 180 a multiple of 30?
True
Does 46 divide 21436?
True
Is 3360 a multiple of 112?
True
Is 1806 a multiple of 86?
True
Is 1776 a multiple of 38?
False
Does 2 divide 3375?
False
Does 16 divide 86?
False
Does 9 divide 499?
False
Does 192 divide 2318?
False
Is 514 a multiple of 48?
False
Does 12 divide 109764?
True
Is 5 a factor of 28?
False
Is 8 a multiple of 8?
True
Is 263 a multiple of 5?
False
Is 41443 a multiple of 15?
False
Does 4 divide 75?
False
Does 12 divide 7257?
False
Is 9632 a multiple of 112?
True
Does 22 divide 78?
False
Is 17 a factor of 62046?
False
Does 19 divide 190?
True
Does 16 divide 1127?
False
Is 3043 a multiple of 17?
True
Is 42 a factor of 3570?
True
Is 21 a factor of 5292?
True
Is 9 a factor of 25801?
False
Is 1104 a multiple of 24?
True
Is 3289 a multiple of 11?
True
Does 28 divide 2520?
True
Is 25 a factor of 167?
False
Does 9 divide 641?
False
Does 12 divide 56886?
False
Is 353 a multiple of 7?
False
Is 11 a factor of 4829?
True
Is 17014 a multiple of 2?
True
Is 523 a multiple of 23?
False
Is 49 a factor of 4410?
True
Is 54 a factor of 669?
False
Does 144 divide 1522?
False
Does 16 divide 16?
True
Is 10809 a multiple of 128?
False
Is 288 a multiple of 48?
True
Is 40376 a multiple of 7?
True
Is 39 a multiple of 5?
False
Is 12660 a multiple of 60?
True
Is 3 a factor of 245?
False
Does 15 divide 2175?
True
Does 17 divide 14450?
True
Does 53 divide 1035?
False
Is 4884 a multiple of 11?
True
Is 6 a factor of 817?
False
Is 130 a multiple of 10?
True
Is 6 a multiple of 3?
True
Is 14020 a multiple of 49?
False
Is 1834 a multiple of 7?
True
Is 13 a factor of 2027?
False
Is 21 a factor of 1421?
False
Does 30 divide 55806?
False
Is 6 a factor of 336?
True
Is 22 a factor of 4224?
True
Does 13 divide 642?
False
Is 163 a multiple of 11?
False
Is 95 a factor of 36645?
False
Is 94 a multiple of 2?
True
Is 851 a multiple of 23?
True
Is 18 a factor of 324?
True
Does 70 divide 1751?
False
Is 22 a factor of 440?
True
Is 60 a factor of 9172?
False
Is 13 a factor of 988?
True
Is 9964 a multiple of 63?
False
Is 47741 a multiple of 71?
False
Is 67 a factor of 59161?
True
Is 7815 a multiple of 20?
False
Is 92 a multiple of 5?
False
Is 51054 a multiple of 19?
False
Is 9342 a multiple of 161?
False
Is 70 a factor of 490?
True
Does 4 divide 1320?
True
Is 4670 a multiple of 10?
True
Does 16 divide 826?
False
Is 63 a factor of 1386?
True
Is 50 a factor of 2326?
False
Does 90 divide 10275?
False
Does 7 divide 378?
True
Is 2356 a multiple of 124?
True
Does 6 divide 273?
False
Is 31 a factor of 3175?
False
Does 10 divide 11850?
True
Does 282 divide 24816?
True
Does 10 divide 4530?
True
Is 517 a multiple of 67?
False
Is 782 a multiple of 49?
False
Does 7 divide 7?
True
Is 10 a factor of 13790?
True
Is 4224 a multiple of 32?
True
Is 1523 a multiple of 5?
False
Is 166 a factor of 19422?
True
Does 46 divide 1058?
True
Does 6 divide 35946?
True
Is 13 a factor of 1053?
True
Does 24 divide 18708?
False
Does 6 divide 181?
False
Is 56 a multiple of 8?
True
Is 5 a factor of 1825?
True
Does 8 divide 288?
True
Is 8476 a multiple of 25?
False
Does 103 divide 8599?
False
Is 27 a factor of 588?
False
Does 15 divide 45?
True
Is 1092 a multiple of 12?
True
Does 37 divide 17136?
False
Is 29 a factor of 1773?
False
Is 165 a factor of 24585?
True
Does 17 divide 19227?
True
Is 168 a factor of 11032?
False
Is 220 a factor of 25118?
False
Does 49 divide 5243?
True
Does 10 divide 140?
True
Does 45 divide 2095?
False
Is 14514 a multiple of 26?
False
Is 1641 a multiple of 55?
False
Is 33 a multiple of 3?
True
Is 111 a factor of 4329?
True
Is 8 a factor of 704?
True
Is 29 a factor of 354?
False
Is 4 a factor of 3625?
False
Does 59 divide 62764?
False
Does 257 divide 39064?
True
Does 6 divide 187?
False
Does 32 divide 262?
False
Does 20 divide 8900?
True
Is 24 a factor of 93480?
True
Is 1348 a multiple of 2?
True
Is 37 a factor of 1501?
False
Does 10 divide 3975?
False
Does 69 divide 621?
True
Is 525 a multiple of 25?
True
Is 2720 a multiple of 32?
True
Is 31 a factor of 5702?
False
Does 29 divide 1975?
False
Is 8306 a multiple of 71?
False
Is 2005 a multiple of 13?
False
Does 83 divide 3984?
True
Is 37 a factor of 5686?
False
Is 470 a multiple of 5?
True
Does 2 divide 2?
True
Does 69 divide 31878?
True
Is 33 a factor of 620?
False
Does 20 divide 56708?
False
Does 5 divide 5754?
False
Does 36 divide 28080?
True
Is 22 a factor 